f 51794506.
2, 1657, 15629
What are the prime factors of 191860166?
2, 337, 284659
List the prime factors of 174605066.
2, 87302533
What are the prime factors of 262920016?
2, 16432501
List the prime factors of 3057329563.
26713, 114451
List the prime factors of 1182128933.
41, 28832413
List the prime factors of 3120134718.
2, 3, 520022453
What are the prime factors of 1646376107?
1646376107
List the prime factors of 99872927.
7, 11, 127, 1459
List the prime factors of 1521189533.
19, 80062607
What are the prime factors of 70609701?
3, 23, 1023329
List the prime factors of 1153557620.
2, 5, 57677881
List the prime factors of 49593537.
3, 7, 107, 1051
What are the prime factors of 2387176572?
2, 3, 11, 1644061
List the prime factors of 90423914.
2, 7, 29, 31817
What are the prime factors of 91063826?
2, 7, 127, 51217
What are the prime factors of 78655009?
23, 421, 8123
What are the prime factors of 4401589099?
4401589099
List the prime factors of 90602645.
5, 7, 647, 4001
List the prime factors of 184240108.
2, 13, 3543079
What are the prime factors of 5116031542?
2, 19, 23, 5853583
List the prime factors of 144850620.
2, 3, 5, 2414177
List the prime factors of 197643963.
3, 11, 449, 13339
List the prime factors of 59736940.
2, 5, 229, 13043
What are the prime factors of 47566484?
2, 7, 23, 233, 317
List the prime factors of 1442669460.
2, 3, 5, 41, 67, 8753
What are the prime factors of 1191455469?
3, 132383941
What are the prime factors of 1202014052?
2, 1613, 186301
List the prime factors of 727611733.
109, 881, 7577
What are the prime factors of 26982080?
2, 5, 84319
What are the prime factors of 725012510?
2, 5, 72501251
List the prime factors of 175366736.
2, 1471, 7451
What are the prime factors of 449011888?
2, 13, 17, 23, 5521
List the prime factors of 124269605.
5, 24853921
What are the prime factors of 36463203?
3, 7, 9187
What are the prime factors of 152356335?
3, 5, 10157089
What are the prime factors of 2517432738?
2, 3, 419572123
List the prime factors of 3356713597.
17, 197453741
What are the prime factors of 49681537?
73, 680569
List the prime factors of 57200586.
2, 3, 23, 29, 14293
List the prime factors of 2258550857.
59, 38280523
What are the prime factors of 67581710?
2, 5, 7, 965453
List the prime factors of 516133252.
2, 19, 137, 2609
What are the prime factors of 1165993739?
17, 2333, 29399
What are the prime factors of 1183198510?
2, 5, 13, 107, 85061
What are the prime factors of 55151832?
2, 3, 19, 120947
What are the prime factors of 1753826805?
3, 5, 1039, 37511
List the prime factors of 364848939.
3, 7, 13, 79, 5639
What are the prime factors of 100675844?
2, 25168961
What are the prime factors of 191420747?
7, 149, 223, 823
What are the prime factors of 827947063?
103, 2251, 3571
List the prime factors of 263619495.
3, 5, 1952737
List the prime factors of 848176215.
3, 5, 56545081
List the prime factors of 448790155.
5, 11, 8159821
List the prime factors of 58159412.
2, 37, 392969
List the prime factors of 3756688507.
11, 13, 29, 43, 21067
What are the prime factors of 23421692?
2, 7, 503, 1663
What are the prime factors of 83364483?
3, 199, 311, 449
What are the prime factors of 54160075?
5, 2166403
List the prime factors of 323964789.
3, 107988263
What are the prime factors of 25877223?
3, 59, 48733
List the prime factors of 1526478651.
3, 23, 7374293
List the prime factors of 7776919.
37, 210187
List the prime factors of 150171322.
2, 7, 103, 223, 467
What are the prime factors of 3142604803?
13, 4019, 60149
List the prime factors of 3224077351.
11, 3823, 76667
What are the prime factors of 155710466?
2, 107, 167, 4357
What are the prime factors of 4667894?
2, 7, 11, 17, 1783
List the prime factors of 53107935.
3, 5, 3540529
What are the prime factors of 3282589232?
2, 13, 41, 384919
List the prime factors of 1618663742.
2, 463, 761, 2297
What are the prime factors of 307414502?
2, 17, 61, 8719
List the prime factors of 357561916.
2, 89390479
List the prime factors of 450940108.
2, 317, 349, 1019
What are the prime factors of 67595870?
2, 5, 47, 143821
What are the prime factors of 75898791?
3, 151, 55849
What are the prime factors of 79426746?
2, 3, 7, 90053
List the prime factors of 884977774.
2, 1319, 335473
List the prime factors of 8590461.
3, 11, 260317
What are the prime factors of 1352059126?
2, 11, 61457233
What are the prime factors of 796674132?
2, 3, 359, 61643
List the prime factors of 738381009.
3, 17, 14478059
List the prime factors of 1978234619.
17623, 112253
List the prime factors of 58403911.
58403911
What are the prime factors of 6272845963?
17, 41, 8999779
What are the prime factors of 8324290914?
2, 3, 71, 2741, 7129
What are the prime factors of 1503869992?
2, 113, 127, 13099
List the prime factors of 17599358.
2, 7, 19, 109, 607
What are the prime factors of 2302247293?
41, 2339, 24007
List the prime factors of 1501746976.
2, 46929593
What are the prime factors of 181157357?
11423, 15859
List the prime factors of 1608921571.
3929, 409499
What are the prime factors of 72226340?
2, 5, 3611317
List the prime factors of 94758928.
2, 11, 19, 43, 659
What are the prime factors of 270680707?
11, 19, 101, 12823
List the prime factors of 58061183.
257, 225919
List the prime factors of 10253145.
3, 5, 7, 97649
List the prime factors of 100677981.
3, 33559327
List the prime factors of 572149495.
5, 23, 4975213
List the prime factors of 363114235.
5, 11, 71, 92987
What are the prime factors of 802049999?
37, 83, 261169
List the prime factors of 2666850387.
3, 888950129
List the prime factors of 114814049.
7, 31, 529097
What are the prime factors of 353546203?
67, 5276809
List the prime factors of 22275861.
3, 199, 37313
What are the prime factors of 153102593?
7, 21871799
What are the prime factors of 4011641142?
2, 3, 668606857
List the prime factors of 4449518859.
3, 977, 1518089
What are the prime factors of 141707826?
2, 3, 13, 337, 599
List the prime factors of 925773633.
3, 37, 2780101
List the prime factors of 100643835.
3, 5, 211, 31799
List the prime factors of 815859325.
5, 17, 1919669
List the prime factors of 188968298.
2, 94484149
What are the prime factors of 440628630?
2, 3, 5, 13, 233, 373
List the prime factors of 49099582.
2, 7, 3507113
List the prime factors of 1970302416.
2, 3, 47, 433, 2017
List the prime factors of 302712489.
3, 17, 31, 63823
What are the prime factors of 8480305786?
2, 47, 90216019
What are the prime factors of 90993842?
2, 23, 41, 48247
What are the prime factors of 20526389?
13, 149, 10597
List the prime factors of 119020284.
2, 3, 31, 106649
What are the prime factors of 99886528?
2, 7, 59, 3779
List the prime factors of 37680489.
3, 7, 11, 4943
List the prime factors of 1461989065.
5, 1931, 151423
List the prime factors of 81374067.
3, 9041563
List the prime factors of 386637101.
67, 5770703
What are the prime factors of 510495202?
2, 7, 36463943
List the prime factors of 19858770.
2, 3, 5, 24517
What are the prime factors of 196773142?
2, 23, 59, 72503
List the prime factors of 175805293.
53, 239, 13879
What are the prime factors of 416931533?
263, 1585291
What are the prime factors of 981053700?
2, 3, 5, 11, 297289
What are the prime factors of 22686324?
2, 3, 1890527
What are the prime factors of 77049036?
2, 3, 713417
What are the prime factors of 47925708?
2, 3, 883, 4523
What are the prime factors of 567921979?
2887, 196717
What are the prime factors of 72283477?
7, 210739
List the prime factors of 628000487.
23, 27304369
List the prime factors of 768642.
2, 3, 7, 18301
List the prime factors of 1232307988.
2, 10273, 29989
What are the prime factors of 49484466?
2, 3, 37, 24767
List the prime factors of 676216963.
676216963
What are the prime factors of 474476563?
11, 43134233
What are the prime factors of 15334882?
2, 23, 333367
List the prime factors of 403464318.
2, 3, 31, 167, 419
List the prime factors of 967032418.
2, 11, 43, 197, 5189
What are the prime factors of 9088712?
2, 1136089
List the prime factors of 814415746.
2, 8179, 49787
List the prime factors of 3294660996.
2, 3, 11, 17, 61, 71, 113
What are the prime factors of 818009105?
5, 71, 2304251
List the prime factors of 6063030.
2, 3, 5, 23, 29, 101
What are the prime factors o